{"id":821,"date":"2009-07-16T22:25:06","date_gmt":"2009-07-16T21:25:06","guid":{"rendered":"http:\/\/www.abc-berlin.net\/?page_id=821"},"modified":"2015-02-08T16:20:52","modified_gmt":"2015-02-08T15:20:52","slug":"termine","status":"publish","type":"page","link":"https:\/\/www.abc-berlin.net\/2008\/termine","title":{"rendered":"Termine"},"content":{"rendered":"<h5 style=\"text-align: center;\">Donnerstag, 12. Februar 2015 &#8211; Berlin<\/h5>\n<p style=\"text-align: center;\"><strong>Knast-Chef und Justiz-Senator Heilmann aus Kreuzberg verjagen!<\/strong><\/p>\n<p>Es k\u00f6nnte f\u00fcr einen schlechten Scherz gehalten werden, doch es ist wahr, so absurd das klingt: Der oberste Knast-Chef und Justiz-Senator Heilmann m\u00f6chte im Rahmen der Pro-Olympia-Propaganda-Show im Knast hergestellte \u201ePfannkuchen mit Olympia-Logo\u201c verteilen, und zwar am 12. Februar in der Marheineke-Halle in Kreuzberg.<\/p>\n<p>Gerade erst gab es auch in Berlin eine gr\u00f6\u00dfere Diskussion um Arbeitszwang und Ausbeutung in den Kn\u00e4sten. Da\u00df jetzt ausgerechnet im Rahmen der Olympia-Propaganda-Offensive ein Berliner Senator Pfannkuchen aus Knast-Produktion verteilen m\u00f6chte, gibt dem Slogan \u201eBrot und Spiele\u201c eine neue, obsz\u00f6ne Dimension.<\/p>\n<p>Wir hoffen, dass Senator Heilmann diese perverse Suppe gr\u00fcndlich versalzen wird, und rufen dazu auf, seine miese und fieste Propaganda-Aktion am 12.02. in Kreuzberg mit allen geeigneten Mitteln zu st\u00f6ren und zu verhindern. Sobald wir N\u00e4hreres wissen \u00fcber den geplanten Zeitpunkt der uns\u00e4tzlichen Heilmann-Propaganda-Aktion in Kreuzberg, werden wir das nat\u00fcrlich mitteilen.<\/p>\n<p><em>Vormittags &#8211; Marheineke Markthalle &#8211; Marheinekeplatz &#8211; Berlin-X&#8217;Berg<\/em><\/p>\n<p>&#8212;&gt; <a href=\"http:\/\/olympiaverhindern.blogsport.de\/2015\/02\/02\/jetzt-mitmachen-olympia-bewerbung-fuer-berlin-2024-gemeinsam-sabotieren\/\" target=\"_blank\">olympiaverhindern.blogsport.de<\/a><\/p>\n<hr \/>\n<h5 style=\"text-align: center;\">Donnerstag, 12. Februar 2015 &#8211; Berlin<\/h5>\n<p style=\"text-align: center;\"><strong>Knastfilme beim Politisches Caf\u00e9<\/strong><\/p>\n<p>Film: &#8220;Wegsperren f\u00fcr immer&#8221;. In der Justizvollzugsanstalt Berlin-Tegel, Deutschlands gr\u00f6\u00dftem Gef\u00e4ngnis, leben mehr als 1.400 Gefangene. 40 von ihnen haben ihre Strafe abgesessen, aber sie gelten weiterhin als gef\u00e4hrlich und bleiben deshalb in Sicherungsverwahrung, eingesperrt in einem gesonderten Trakt auf zwei Etagen.<\/p>\n<p>Danch Film: &#8220;Knast auf Ewig &#8211; der Streit um die Sicherungsverwahrung&#8221;. Der Film schaut hinter die Gef\u00e4ngnismauern der JVA Werl, die zurzeit zur gr\u00f6\u00dften Anstalt f\u00fcr Sicherheitsverwahrung ausgebaut wird. Er stellt Gefangene vor, die hier seit Jahrzehnten inhaftiert sind. Gef\u00e4ngnisdirektor und Jurist Michael Skirl kommt zu Wort, der gerade ein Buch zum Thema ver\u00f6ffentlichte und ein kritisches Auge auf die eigene Zunft hat. Au\u00dferdem werden Psychologen, Richter, Politiker befragt und nicht zuletzt Anstaltspfarrer Adrian Tillmanns, der immer h\u00e4ufiger Gefangene beerdigen muss, die ihr Leben hinter Gittern beendet haben.<\/p>\n<p><em>18:00 Uhr &#8211; Zielona Gora &#8211; Gr\u00fcnbergerstrasse 73 &#8211; Berlin-F&#8217;hain<\/em><\/p>\n<hr \/>\n<h5 style=\"text-align: center;\">Freitag, 13. Februar 2015 &#8211; Berlin<\/h5>\n<p style=\"text-align: center;\"><strong>Diskussion und Austausch \u00fcber den Text &#8220;Die Scherbentheorie &#8211; Reflexionen \u00fcber den Club f\u00fcr sich&#8221;<\/strong><\/p>\n<p>Wir laden zum Austausch \u00fcber den Text &#8220;Die Scherbentheorie &#8211; Reflexionen \u00fcber den Club f\u00fcr sich&#8221; ein. Der Text behandelt Probleme der Zersplitterung, der Nichtkommunikation und des idendit\u00e4ren Handelns von &#8220;radikalen Kommunist_innen und Anarchist_innen&#8221;. Ein Apell, Idendit\u00e4ten und Isolationen zu \u00fcberwinden um gesellschaftliche Relevanz zu erlangen.<br \/>\nDiese Diskussionen stellen einen Versuch dar, anarchistische Debatten anzusto\u00dfen und zu verbreiten. Wir wollen weder Expert_innen noch Konsument_innen, aber einen Austausch auf Augenh\u00f6he. Wir wollen unsere Ideen und Vorstellungen teilen und diskutieren um unsere Kritik zu sch\u00e4rfen. Daf\u00fcr wird vorher ein Text zur Diskussion vorgeschlagen, geposted und an verschiedenen Orten ausgelegt. Kommt bitte vorbereitet, lest den Text und macht euch dazu Gedanken. Jeden 2. Freitag im Monat in der <a href=\"http:\/\/tempestlibrary.com\/\" target=\"_blank\">Tempest Library<\/a>.<\/p>\n<p><em>19:00 Uhr &#8211; Tempest library &#8211; Reichenberger Strasse 63a, Berlin-X&#8217;Berg<\/em><\/p>\n<p>&#8212;&gt; <a href=\"https:\/\/austausch.noblogs.org\/\" target=\"_blank\">austausch.noblogs.org<\/a><\/p>\n<hr \/>\n<h5 style=\"text-align: center;\">Sonntag, 01. M\u00e4rz 2015 &#8211; Berlin<strong><br \/>\n<\/strong><\/h5>\n<p style=\"text-align: center;\"><strong>Kundgebung &#8211; <span class=\"fixed\">Stoppt die Hinrichtung von Rodney Reed in Texas<\/span><\/strong><\/p>\n<p style=\"text-align: left;\">Rodney Reed ist ein Gefangener im Todestrakt, den der US-Bundesstaat Texas am 5. M\u00e4rz 2015 hinrichten m\u00f6chte. Verurteilt wurde der junge Afroamerikaner 1996 f\u00fcr eine brutale Vergewaltigung und Mord an einer wei\u00dfen Frau, die jedoch von ihrem damaligen Partner, einem Polizisten, ermordet wurde. Der Polizist sitzt zurzeit wegen Vergewaltigung im Amt in einem anderen Fall noch bis 2018 in Haft.<\/p>\n<p><em>15:00 Uhr &#8211; US-Botschaft am Pariser Platz\/Brandenburger Tor &#8211; Berlin-Mitte<\/em><\/p>\n<p>&#8212;&gt; <a href=\"https:\/\/linksunten.indymedia.org\/de\/node\/133183\" target=\"_blank\">linksunten.indymedia.org<\/a><\/p>\n<hr \/>\n<h5 style=\"text-align: center;\">Freitag, 13. M\u00e4rz bis Sonntag, 15. M\u00e4rz 2015 &#8211; Basel<\/h5>\n<p style=\"text-align: center;\"><strong>Tattoocircus &#8211; Until it breaks<\/strong><\/p>\n<p>Auch dieses Jahr veranstalten wir in Basel einen Tattoocircus. Vom 13. bis zum 15. M\u00e4rz 2015 werden unsere erfahrenen Tattooartists sich also wieder auf eurer Haut verewigen. Aber das ist noch lange nicht alles\u2026<\/p>\n<p>Mit dem UNTIL IT BREAKS \u2013 FESTIVAL wollen wir Tattookultur und unsere K\u00e4mpfe gegen Kn\u00e4ste und Repression zusammenbringen. Seitdem 2007 der erste Tattoocircus in Rom stattfand, wurde dieses Konzept an Orten wie Barcelona, Madrid, Berlin, London oder Thessalonikki ebenfalls angewandt.<\/p>\n<p>F\u00fcr eine Welt ohne Kn\u00e4ste und Grenzen!<\/p>\n<p>&#8212;&gt; <a href=\"http:\/\/untilitbreaks.noblogs.org\/\" target=\"_blank\">untilitbreaks.noblogs.org<\/a><\/p>\n<hr \/>\n<h5 style=\"text-align: center;\">Donnerstag, 23. April bis Sonntag, 26. April 2015 &#8211; Wien<\/h5>\n<p style=\"text-align: center;\"><strong>Anarchist Black Cross Solidarity Festival<\/strong><\/p>\n<p>Konzerte, Workshops, Infotische, DIY, &#8230;<\/p>\n<p>&#8212;&gt; <a href=\"http:\/\/abcfestvienna.noblogs.org\" target=\"_blank\">abcfestvienna.noblogs.org<\/a><\/p>\n","protected":false},"excerpt":{"rendered":"<p>Donnerstag, 12. Februar 2015 &#8211; Berlin Knast-Chef und Justiz-Senator Heilmann aus Kreuzberg verjagen! Es k\u00f6nnte f\u00fcr einen schlechten Scherz gehalten werden, doch es ist wahr, so absurd das klingt: Der oberste Knast-Chef und Justiz-Senator Heilmann m\u00f6chte im Rahmen der&#46;&#46;&#46;<\/p>\n","protected":false},"author":3,"featured_media":0,"parent":0,"menu_order":6,"comment_status":"closed","ping_status":"closed","template":"","meta":{"_links_to":"","_links_to_target":""},"_links":{"self":[{"href":"https:\/\/www.abc-berlin.net\/2008\/wp-json\/wp\/v2\/pages\/821"}],"collection":[{"href":"https:\/\/www.abc-berlin.net\/2008\/wp-json\/wp\/v2\/pages"}],"about":[{"href":"https:\/\/www.abc-berlin.net\/2008\/wp-json\/wp\/v2\/types\/page"}],"author":[{"embeddable":true,"href":"https:\/\/www.abc-berlin.net\/2008\/wp-json\/wp\/v2\/users\/3"}],"replies":[{"embeddable":true,"href":"https:\/\/www.abc-berlin.net\/2008\/wp-json\/wp\/v2\/comments?post=821"}],"version-history":[{"count":163,"href":"https:\/\/www.abc-berlin.net\/2008\/wp-json\/wp\/v2\/pages\/821\/revisions"}],"predecessor-version":[{"id":10880,"href":"https:\/\/www.abc-berlin.net\/2008\/wp-json\/wp\/v2\/pages\/821\/revisions\/10880"}],"wp:attachment":[{"href":"https:\/\/www.abc-berlin.net\/2008\/wp-json\/wp\/v2\/media?parent=821"}],"curies":[{"name":"wp","href":"https:\/\/api.w.org\/{rel}","templated":true}]}}

<h5 style="text-align: center;">Donnerstag, 12. Februar 2015 &#8211; Berlin</h5>
<p style="text-align: center;"><strong>Knast-Chef und Justiz-Senator Heilmann aus Kreuzberg verjagen!</strong></p>
<p>Es könnte für einen schlechten Scherz gehalten werden, doch es ist wahr, so absurd das klingt: Der oberste Knast-Chef und Justiz-Senator Heilmann möchte im Rahmen der Pro-Olympia-Propaganda-Show im Knast hergestellte „Pfannkuchen mit Olympia-Logo“ verteilen, und zwar am 12. Februar in der Marheineke-Halle in Kreuzberg.</p>
<p>Gerade erst gab es auch in Berlin eine größere Diskussion um Arbeitszwang und Ausbeutung in den Knästen. Daß jetzt ausgerechnet im Rahmen der Olympia-Propaganda-Offensive ein Berliner Senator Pfannkuchen aus Knast-Produktion verteilen möchte, gibt dem Slogan „Brot und Spiele“ eine neue, obszöne Dimension.</p>
<p>Wir hoffen, dass Senator Heilmann diese perverse Suppe gründlich versalzen wird, und rufen dazu auf, seine miese und fieste Propaganda-Aktion am 12.02. in Kreuzberg mit allen geeigneten Mitteln zu stören und zu verhindern. Sobald wir Nähreres wissen über den geplanten Zeitpunkt der unsätzlichen Heilmann-Propaganda-Aktion in Kreuzberg, werden wir das natürlich mitteilen.</p>
<p><em>Vormittags &#8211; Marheineke Markthalle &#8211; Marheinekeplatz &#8211; Berlin-X&#8217;Berg</em></p>
<p>&#8212;&gt; <a href="http://olympiaverhindern.blogsport.de/2015/02/02/jetzt-mitmachen-olympia-bewerbung-fuer-berlin-2024-gemeinsam-sabotieren/" target="_blank">olympiaverhindern.blogsport.de</a></p>
<hr />
<h5 style="text-align: center;">Donnerstag, 12. Februar 2015 &#8211; Berlin</h5>
<p style="text-align: center;"><strong>Knastfilme beim Politisches Café</strong></p>
<p>Film: &#8220;Wegsperren für immer&#8221;. In der Justizvollzugsanstalt Berlin-Tegel, Deutschlands größtem Gefängnis, leben mehr als 1.400 Gefangene. 40 von ihnen haben ihre Strafe abgesessen, aber sie gelten weiterhin als gefährlich und bleiben deshalb in Sicherungsverwahrung, eingesperrt in einem gesonderten Trakt auf zwei Etagen.</p>
<p>Danch Film: &#8220;Knast auf Ewig &#8211; der Streit um die Sicherungsverwahrung&#8221;. Der Film schaut hinter die Gefängnismauern der JVA Werl, die zurzeit zur größten Anstalt für Sicherheitsverwahrung ausgebaut wird. Er stellt Gefangene vor, die hier seit Jahrzehnten inhaftiert sind. Gefängnisdirektor und Jurist Michael Skirl kommt zu Wort, der gerade ein Buch zum Thema veröffentlichte und ein kritisches Auge auf die eigene Zunft hat. Außerdem werden Psychologen, Richter, Politiker befragt und nicht zuletzt Anstaltspfarrer Adrian Tillmanns, der immer häufiger Gefangene beerdigen muss, die ihr Leben hinter Gittern beendet haben.</p>
<p><em>18:00 Uhr &#8211; Zielona Gora &#8211; Grünbergerstrasse 73 &#8211; Berlin-F&#8217;hain</em></p>
<hr />
<h5 style="text-align: center;">Freitag, 13. Februar 2015 &#8211; Berlin</h5>
<p style="text-align: center;"><strong>Diskussion und Austausch über den Text &#8220;Die Scherbentheorie &#8211; Reflexionen über den Club für sich&#8221;</strong></p>
<p>Wir laden zum Austausch über den Text &#8220;Die Scherbentheorie &#8211; Reflexionen über den Club für sich&#8221; ein. Der Text behandelt Probleme der Zersplitterung, der Nichtkommunikation und des idenditären Handelns von &#8220;radikalen Kommunist_innen und Anarchist_innen&#8221;. Ein Apell, Idenditäten und Isolationen zu überwinden um gesellschaftliche Relevanz zu erlangen.<br />
Diese Diskussionen stellen einen Versuch dar, anarchistische Debatten anzustoßen und zu verbreiten. Wir wollen weder Expert_innen noch Konsument_innen, aber einen Austausch auf Augenhöhe. Wir wollen unsere Ideen und Vorstellungen teilen und diskutieren um unsere Kritik zu schärfen. Dafür wird vorher ein Text zur Diskussion vorgeschlagen, geposted und an verschiedenen Orten ausgelegt. Kommt bitte vorbereitet, lest den Text und macht euch dazu Gedanken. Jeden 2. Freitag im Monat in der <a href="http://tempestlibrary.com/" target="_blank">Tempest Library</a>.</p>
<p><em>19:00 Uhr &#8211; Tempest library &#8211; Reichenberger Strasse 63a, Berlin-X&#8217;Berg</em></p>
<p>&#8212;&gt; <a href="https://austausch.noblogs.org/" target="_blank">austausch.noblogs.org</a></p>
<hr />
<h5 style="text-align: center;">Sonntag, 01. März 2015 &#8211; Berlin<strong><br />
</strong></h5>
<p style="text-align: center;"><strong>Kundgebung &#8211; <span class="fixed">Stoppt die Hinrichtung von Rodney Reed in Texas</span></strong></p>
<p style="text-align: left;">Rodney Reed ist ein Gefangener im Todestrakt, den der US-Bundesstaat Texas am 5. März 2015 hinrichten möchte. Verurteilt wurde der junge Afroamerikaner 1996 für eine brutale Vergewaltigung und Mord an einer weißen Frau, die jedoch von ihrem damaligen Partner, einem Polizisten, ermordet wurde. Der Polizist sitzt zurzeit wegen Vergewaltigung im Amt in einem anderen Fall noch bis 2018 in Haft.</p>
<p><em>15:00 Uhr &#8211; US-Botschaft am Pariser Platz/Brandenburger Tor &#8211; Berlin-Mitte</em></p>
<p>&#8212;&gt; <a href="https://linksunten.indymedia.org/de/node/133183" target="_blank">linksunten.indymedia.org</a></p>
<hr />
<h5 style="text-align: center;">Freitag, 13. März bis Sonntag, 15. März 2015 &#8211; Basel</h5>
<p style="text-align: center;"><strong>Tattoocircus &#8211; Until it breaks</strong></p>
<p>Auch dieses Jahr veranstalten wir in Basel einen Tattoocircus. Vom 13. bis zum 15. März 2015 werden unsere erfahrenen Tattooartists sich also wieder auf eurer Haut verewigen. Aber das ist noch lange nicht alles…</p>
<p>Mit dem UNTIL IT BREAKS – FESTIVAL wollen wir Tattookultur und unsere Kämpfe gegen Knäste und Repression zusammenbringen. Seitdem 2007 der erste Tattoocircus in Rom stattfand, wurde dieses Konzept an Orten wie Barcelona, Madrid, Berlin, London oder Thessalonikki ebenfalls angewandt.</p>
<p>Für eine Welt ohne Knäste und Grenzen!</p>
<p>&#8212;&gt; <a href="http://untilitbreaks.noblogs.org/" target="_blank">untilitbreaks.noblogs.org</a></p>
<hr />
<h5 style="text-align: center;">Donnerstag, 23. April bis Sonntag, 26. April 2015 &#8211; Wien</h5>
<p style="text-align: center;"><strong>Anarchist Black Cross Solidarity Festival</strong></p>
<p>Konzerte, Workshops, Infotische, DIY, &#8230;</p>
<p>&#8212;&gt; <a href="http://abcfestvienna.noblogs.org" target="_blank">abcfestvienna.noblogs.org</a></p>

<p>Donnerstag, 12. Februar 2015 &#8211; Berlin Knast-Chef und Justiz-Senator Heilmann aus Kreuzberg verjagen! Es könnte für einen schlechten Scherz gehalten werden, doch es ist wahr, so absurd das klingt: Der oberste Knast-Chef und Justiz-Senator Heilmann möchte im Rahmen der&#46;&#46;&#46;</p>
