{"id":9,"date":"2009-03-16T08:12:58","date_gmt":"2009-03-16T07:12:58","guid":{"rendered":"http:\/\/blog.abc-berlin.net\/?page_id=9"},"modified":"2019-08-15T16:05:23","modified_gmt":"2019-08-15T15:05:23","slug":"entfesselt","status":"publish","type":"page","link":"https:\/\/www.abc-berlin.net\/2008\/entfesselt","title":{"rendered":"Entfesselt"},"content":{"rendered":"<p><em><strong>Das Entfesselt<\/strong> ist ein dreimonatlich erscheinendes Infoblatt der Anarchist Black Cross Gruppen ABC Berlin und ABC Orkan. Wir wollen damit eine Kommunikation zwischen \u201edrinnen\u201c und \u201edrau\u00dfen\u201c erm\u00f6glichen, indem wir Texte und Briefe von Gefangenen, Artikel \u00fcber Gefangenenk\u00e4mpfe und solidarische Aktionen und verschiedenes mehr abdrucken. Au\u00dferdem geht es uns darum den Antiknastgedanken zu verbreiten, verkn\u00fcpft mit einer anarchistischen Perspektive, denn die Abschaffung von Kn\u00e4sten und Zwangsanstalten kann nur ein Teil auf dem Weg zur Befreiung von Ausbeutung und Unterdr\u00fcckung darstellen.<\/em><\/p>\n<p>Wenn Ihr Texte, Kommentare, Bilder habt oder uns auf die Art und Weise zu unterst\u00fctzen, die Euch gerade m\u00f6glich ist, unterst\u00fctzen wollt, meldet Euch bei uns.<\/p>\n<p>Wenn die Entfesselt bei Euch nicht ausliegt, schreibt uns und wir schicken euch so viele Exemplare wie ihr haben wollt. \u00dcber Spenden freuen wir uns immer, da die Portokosten auch irgendwie gedeckt werden m\u00fcssen. Als pdf-Datei ist die Entfesselt hier verf\u00fcgbar.<\/p>\n<p><em><strong>Freiheit f\u00fcr alle Gefangenen! F\u00fcr den Anarchismus!<\/strong><\/em><\/p>\n<p><a href=\"http:\/\/www.abc-berlin.net\/wp-content\/uploads\/entfesselt\/entfesselt-sommer-2010.pdf\">Sommer 10<\/a><\/p>\n<p><a href=\"http:\/\/www.abc-berlin.net\/wp-content\/uploads\/entfesselt\/entfesselt-fruehjahr-2010.pdf\">Fr\u00fchjahr 10<\/a><\/p>\n<p><a href=\"http:\/\/www.abc-berlin.net\/wp-content\/uploads\/entfesselt\/entfesselt-dezember-2009.pdf\">Dezember 09<\/a><\/p>\n<p><a href=\"https:\/\/archiv.abc-berlin.net\/abcfiles\/entfesselt september-oktober 09.pdf\" data-wplink-url-error=\"true\">September-Oktober 09<\/a><\/p>\n<p><a href=\"http:\/\/rapidshare.com\/files\/252965606\/entfesselt_juni_09.pdf\">Juni-Juni 09<\/a><\/p>\n<p><a href=\"http:\/\/archiv-1.abc-berlin.net\/abcfiles\/entfesselt_maerz_09.pdf\">M\u00e4rz-April 09<\/a> &#8212;&#8211; <a href=\"http:\/\/archiv-1.abc-berlin.net\/abcfiles\/entfesselt_maerz_09_druck.pdf\">Druckvorlage<\/a><\/p>\n<p><a href=\"http:\/\/archiv-1.abc-berlin.net\/abcfiles\/entfesselt_januar_09.pdf\">Januar-Februar 09<\/a> &#8212;&#8211; <a href=\"http:\/\/archiv-1.abc-berlin.net\/abcfiles\/entfesselt_januar_09_druck.pdf\">Druckvorlage<\/a><\/p>\n<p><a href=\"http:\/\/archiv-1.abc-berlin.net\/abcfiles\/entfesselt_november08.pdf\">November-Dezember 08<\/a> &#8212;&#8211; <a href=\"http:\/\/archiv-1.abc-berlin.net\/abcfiles\/entfesselt_november_08_druck.pdf\">Druckvorlage<\/a><\/p>\n<p><a href=\"http:\/\/archiv-1.abc-berlin.net\/abcfiles\/entfesselt_september_08.pdf\">September-Oktober 08<\/a> &#8212;&#8211; <a href=\"http:\/\/archiv-1.abc-berlin.net\/abcfiles\/entfesselt_september_08_druck.pdf\">Druckvorlage<\/a><\/p>\n<p><a href=\"http:\/\/archiv-1.abc-berlin.net\/abcfiles\/entfesselt_juli_08.pdf\">Juli-August 08<\/a> &#8212;&#8211; <a href=\"http:\/\/archiv-1.abc-berlin.net\/abcfiles\/entfesselt_juli_08_druck.pdf\">Druckvorlage<\/a><\/p>\n<p><a href=\"http:\/\/archiv-1.abc-berlin.net\/abcfiles\/entfesselt_mai08.pdf\">Mai 08<\/a> &#8212;&#8211; <a href=\"http:\/\/archiv-1.abc-berlin.net\/abcfiles\/entfesselt_mai08_druckvorlage.pdf\">Druckvorlage<\/a><\/p>\n<p><a href=\"http:\/\/archiv-1.abc-berlin.net\/abcfiles\/entfesselt_dezember07.pdf\">Dezember 07<\/a><\/p>\n<p><a href=\"http:\/\/archiv-1.abc-berlin.net\/abcfiles\/entfesselt_november07.pdf\">November 07<\/a><\/p>\n<p><a href=\"http:\/\/archiv-1.abc-berlin.net\/abcfiles\/entfesselt_oktober07.pdf\">Oktober 07<\/a><\/p>\n<p><a href=\"http:\/\/archiv-1.abc-berlin.net\/abcfiles\/entfesselt_september07_129a.pdf\">September 07<\/a> &#8211; Ein kurzer \u00dcberblick \u00fcber die letzten Aktionen mit denen bezweckt werden sollte den militanten Widerstand einzud\u00e4mmen<\/p>\n<p><a href=\"http:\/\/archiv-1.abc-berlin.net\/abcfiles\/entfesselt_august07.pdf\">August 07<\/a><\/p>\n<p><a href=\"http:\/\/archiv-1.abc-berlin.net\/abcfiles\/entfesselt_mai07.pdf\">Mai 07<\/a><\/p>\n<p><a href=\"http:\/\/archiv-1.abc-berlin.net\/abcfiles\/entfesselt_antiknasttexte.pdf\">Antiknasttexte<\/a><\/p>\n<p><a href=\"http:\/\/archiv-1.abc-berlin.net\/abcfiles\/entfesselt_februar07.pdf\">Februar 07<\/a><\/p>\n<p><a href=\"http:\/\/archiv-1.abc-berlin.net\/abcfiles\/entfesselt_november06.pdf\">November 06<\/a><\/p>\n<p><a href=\"http:\/\/archiv-1.abc-berlin.net\/abcfiles\/entfesselt_juli06.pdf\">Juli 06<\/a><\/p>\n<p><a href=\"http:\/\/archiv.abc-berlin.net\/entfesselt\/entfesselt_april06.pdf\">April 06<\/a><\/p>\n<p><a href=\"http:\/\/archiv.abc-berlin.net\/entfesselt\/entfesselt_marz06.pdf\">M\u00e4rz 06<\/a><\/p>\n<p><a href=\"http:\/\/archiv.abc-berlin.net\/entfesselt\/entfesselt_feb06.pdf\">Februar 06<\/a><\/p>\n","protected":false},"excerpt":{"rendered":"<p>Das Entfesselt ist ein dreimonatlich erscheinendes Infoblatt der Anarchist Black Cross Gruppen ABC Berlin und ABC Orkan. Wir wollen damit eine Kommunikation zwischen \u201edrinnen\u201c und \u201edrau\u00dfen\u201c erm\u00f6glichen, indem wir Texte und Briefe von Gefangenen, Artikel \u00fcber Gefangenenk\u00e4mpfe und solidarische&#46;&#46;&#46;<\/p>\n","protected":false},"author":3,"featured_media":0,"parent":0,"menu_order":5,"comment_status":"closed","ping_status":"closed","template":"","meta":{"_links_to":"","_links_to_target":""},"_links":{"self":[{"href":"https:\/\/www.abc-berlin.net\/2008\/wp-json\/wp\/v2\/pages\/9"}],"collection":[{"href":"https:\/\/www.abc-berlin.net\/2008\/wp-json\/wp\/v2\/pages"}],"about":[{"href":"https:\/\/www.abc-berlin.net\/2008\/wp-json\/wp\/v2\/types\/page"}],"author":[{"embeddable":true,"href":"https:\/\/www.abc-berlin.net\/2008\/wp-json\/wp\/v2\/users\/3"}],"replies":[{"embeddable":true,"href":"https:\/\/www.abc-berlin.net\/2008\/wp-json\/wp\/v2\/comments?post=9"}],"version-history":[{"count":8,"href":"https:\/\/www.abc-berlin.net\/2008\/wp-json\/wp\/v2\/pages\/9\/revisions"}],"predecessor-version":[{"id":10999,"href":"https:\/\/www.abc-berlin.net\/2008\/wp-json\/wp\/v2\/pages\/9\/revisions\/10999"}],"wp:attachment":[{"href":"https:\/\/www.abc-berlin.net\/2008\/wp-json\/wp\/v2\/media?parent=9"}],"curies":[{"name":"wp","href":"https:\/\/api.w.org\/{rel}","templated":true}]}}